-11) + 3 - (-7)/(154/10036). What is the greatest common divisor of 42 and i?
6
Suppose 5*y = -0*s + s + 3, 2*s = -5*y + 54. Suppose 57 - 278 = -s*g. Suppose 307 = 7*w - 512. What is the highest common factor of w and g?
13
Let x be 38416/12 + (-84)/(-18) + -5. Suppose -9*v = -x + 510. What is the greatest common divisor of v and 26?
13
Let o(a) be the second derivative of 14*a**2 + 42*a + 0 + 1/12*a**4 + 11/6*a**3. Let p be o(-8). What is the greatest common factor of 1 and p?
1
Let b = 3101 - 2053. What is the highest common divisor of 24 and b?
8
Let k = 6 - -37. Suppose 0 = -112*g - 419*g + 365328. What is the highest common factor of g and k?
43
Suppose -86 = 4*j - 646. Suppose -103 = -6*h + 263. Suppose 4*d = -3*s - 0*s + 38, 4*s - 5*d - h = 0. Calculate the highest common divisor of j and s.
14
Let r(y) = -95*y + 1149. Let v be r(11). What is the greatest common divisor of v and 416?
104
Let o be 48/(-64) - 70/(-8). Suppose -o - 16 = -g. Calculate the greatest common divisor of 12 and g.
12
Let x = -11 - 25. Let f be 0 + 0 - 4*x/1. Suppose 0 = 36*s - 34*s - f. What is the greatest common factor of s and 180?
36
Suppose 80*c = -3831 + 42231. What is the greatest common factor of c and 1248?
96
Suppose x - 73*f = -72*f + 97, 103 = x - 3*f. What is the highest common divisor of x and 56?
2
Let q be (-4 + 2)*262/4. Let d = q - -191. Calculate the greatest common divisor of d and 12.
12
Let y be (-4)/3*2*6/(-4). Suppose -y*p + 541 + 187 = 0. Let w be (-1290)/(-50) + 2/10. Calculate the greatest common factor of w and p.
26
Let f be ((-1755)/(-9) - -4) + 21. Calculate the greatest common divisor of 2760 and f.
20
Suppose 13 - 948 = 5*c - 5*r, -5*c - 3*r - 967 = 0. Let m = -179 - c. Suppose 2*t = t + 6. What is the highest common factor of t and m?
6
Suppose -8*g + 2*g = -1188. Let f be (-2 - -1)/(42/(-36) + 1). Let z = f - -12. Calculate the greatest common divisor of z and g.
18
Let n = 77703 - 77697. Suppose -4*a = -9*a - 60. Let i be (4/8)/((-1)/a). What is the greatest common factor of i and n?
6
Let f = -22748 + 22750. Calculate the highest common factor of 4778 and f.
2
Suppose 3*t + 3*r = 147, 8*r = -4*t + 12*r + 140. What is the greatest common divisor of t and 294?
42
Let v(x) = -4*x**2 - 20*x + 2. Let q be v(-5). Suppose 3*m + 2*m = -q*f + 1065, 4*f = m - 235. Calculate the greatest common factor of m and 43.
43
Let d be ((-35)/2 - -4)/((-9)/24). Let u be d/27*(-174)/4*-1. Suppose 6*f - 435 = f. Calculate the greatest common divisor of u and f.
29
Let b be -2 + 40/18 + (-2144)/(-72). Suppose -b*v + 9*v + 21714 = 0. What is the greatest common divisor of 188 and v?
94
Suppose -729 + 708 = -7*t. Let w be 15/t - ((-21 - 4) + 2). Calculate the greatest common factor of w and 42.
14
Let c be 24/9 + (-4)/6. Let a(d) = 110*d + 13654. Let p be a(-124). Calculate the greatest common factor of c and p.
2
Let g = -20844 + 36229. What is the greatest common factor of 170 and g?
85
Let l be -19 + (-290)/(26 - 36). Suppose 3 + 3 = 2*s. Suppose -5*t + 16 + 144 = 4*g, 120 = s*g + t. Calculate the greatest common factor of l and g.
10
Let r(x) = 2*x**3 + 225*x**2 + 52*x - 21. Let d be r(-112). Calculate the greatest common divisor of 63 and d.
21
Suppose 1154 = 38*v - 31*v + 48. Calculate the highest common factor of 11534 and v.
158
Suppose 15*v - 5575 + 1329 = 1079. Calculate the greatest common factor of v and 568.
71
Let f be -12 + -1727*(-3)/12 + (-2)/(-8). What is the highest common factor of 3010 and f?
70
Let f = -167 - -253. Let t = -84 + f. Suppose -3*i + 11 = t*a, 2*i + 5 = 3*a - 5. Calculate the greatest common divisor of 20 and a.
4
Suppose 0 = -28*s + 1841 + 1435. What is the greatest common factor of s and 325?
13
Let s = -359 - -559. Let c = s - 195. Let x(l) = 2*l. Let u be x(1). What is the greatest common factor of u and c?
1
Let b(u) = 46*u - 1937. Let z be b(52). What is the highest common divisor of 770 and z?
35
Let d = 4116 - 3476. Suppose 2*s - 132 = -j, -5*s + 0*s + 308 = -3*j. What is the greatest common factor of s and d?
64
Let x = -13 - -14. Let w be x + 3 - 10/5. Suppose 3 = -3*v - 3, 5*u - w*v - 1599 = 0. Calculate the greatest common factor of u and 29.
29
Suppose 73*i - 76*i + o = -500, 5*i - 2*o = 835. What is the highest common divisor of 55 and i?
55
Let o = 62 + -55. Suppose 0 = 5*x - o - 158. Let t = 49 - x. Calculate the greatest common divisor of t and 24.
8
Let s(a) = a**3 + 8*a**2 + 15*a + 16. Let t be s(-5). Calculate the highest common divisor of 12192 and t.
16
Suppose -4*m + 14340 = -2*d, -32 = -4*d - 8. What is the greatest common divisor of m and 156?
156
Suppose 4 - 24 = 10*o. Let h be 1/(o + 20/8). Suppose -38 = h*a - 210. Calculate the highest common factor of a and 129.
43
Let i be (-18 - (0 + -2)) + 432. Calculate the highest common factor of 260 and i.
52
Suppose -6*t = -2*t - 48. Let l be -4 - (-5 + 5) - -232. Calculate the highest common factor of t and l.
12
Suppose 0 = -14*y + 110 + 128. Suppose 4*c - y = 143. Suppose i = 2 + 2. Calculate the greatest common divisor of i and c.
4
Suppose 0 = -45*b - 136*b - 5923 + 35064. Suppose -5*a = -3*t - 41, 4*a + 2*t = -0*a + 24. Calculate the highest common divisor of b and a.
7
Let z(a) = -22*a**2 - 9*a + 40. Let x be z(3). Let n = 341 + x. What is the greatest common divisor of 52 and n?
52
Suppose i - 198 = 2*c, -3*i + 3*c + 570 = 5*c. Let j be ((-4)/(-34))/(-1) + (-15288)/(-476). What is the highest common factor of j and i?
32
Suppose 2*z = -2*w + 36, 3*w + 3*z - 57 = -z. Let u be (2*(-5)/(-6))/(161/44919). Calculate the greatest common divisor of u and w.
15
Let l be (5/((-5)/3))/(-1). Let s be (0 - (3 + -2)) + (-2 - -6). Suppose i = s*w - 170, -i = 2*w - l*i - 116. Calculate the greatest common divisor of w and 7.
7
Let l(m) = 47*m - 11. Let a be l(12). Let d(b) = 111*b**2 + 38*b + 6. Let p be d(-1). Calculate the highest common divisor of p and a.
79
Let r(b) = -2*b**3 + 1142*b - 1151*b + b**3 + 8*b**2 + 6. Let j be r(6). What is the highest common factor of 24 and j?
24
Suppose -61680 = 143*v - 184*v + 59844. What is the greatest common factor of 114 and v?
114
Suppose 6*h = 5*h - 5*c + 677, 5*c = 5*h - 3415. Suppose 44 = -681*l + h*l. What is the highest common divisor of l and 8?
4
Let w(n) = -252*n + 7698. Let i be w(13). Calculate the greatest common factor of 429 and i.
33
Let p = 91435 - 63787. What is the greatest common factor of 54 and p?
54
Suppose 12*r - 19 = 29. Suppose -y + r*y - 91 = -2*n, 4*n - 124 = -4*y. Calculate the highest common factor of y and 58.
29
Let q be (-44 - -2)*66/9. Let o be 352/q - 85/(-7). Calculate the highest common factor of o and 1254.
11
Let f(o) be the second derivative of o**4/4 + o**3/6 + o**2 - o. Let h be f(3). Let p be 290/75 - 24/(-180). What is the highest common factor of h and p?
4
Let o be 183667/849 - 2/6. What is the highest common factor of o and 3744?
72
Suppose -5*n - y - 64 = -2*y, -5*n = -2*y + 68. Let m be (n/(-5))/(13/65). Suppose 0 = 4*i + m*i - 2304. What is the highest common factor of 48 and i?
48
Suppose 4*m - 600 = -5*z, -19*z - 6*m = -21*z + 240. What is the greatest common divisor of z and 75?
15
Suppose 7*x - 3*x = -2*p + 156, -5*p - 184 = -4*x. Suppose 266*i = 244*i + 20746. What is the greatest common factor of x and i?
41
Let l(j) = -2*j + 2. Let g be l(1). Let s be 3 + g + -2 - -15. Let o be -2*(-4 + 6) + s. What is the greatest common divisor of o and 12?
12
Let i(d) = -d**2 + 20*d - 7. Let f be i(15). Let c be ((-5)/(25/f))/(2/(-25)). Let a be (-10)/2*c/(-25). Calculate the greatest common divisor of a and 238.
34
Let u be (-416)/48*153/(-2). Let f be 6/14 - (-12960)/336. Calculate the greatest common divisor of u and f.
39
Let c = 3545 - 3532. Calculate the greatest common divisor of 7709 and c.
13
Let b = 16053 - 15803. What is the highest common factor of b and 4150?
50
Let q = 38 + -40. Let c = 1 - q. Suppose c*o = -3*i - 5 + 35, -5*o + 2 = -3*i. Calculate the greatest common factor of i and 66.
6
Let g(a) = 439*a**2 - 24*a - 23. Let u be g(-2). What is the highest common factor of u and 52?
13
Suppose 5*g = -7 + 62. Let z(w) = -w**3 + 14*w**2 - 26*w - 14. Let a be z(g). What is the greatest common factor of a and 84?
21
Suppose -4*k - 284 = -5*m - 4748, -2*m =